tor of g and 3?
3
Suppose 0*k + 2*x = 5*k - 66, 0 = k + 2*x - 18. Let j be (0 - 1) + k*9. What is the greatest common divisor of 50 and j?
25
Suppose w = -4*a - 1539, -2*a + 3*w - 2*w - 771 = 0. Let p be 1 + -1 + 0 + 561. Let d = a + p. What is the highest common factor of d and 16?
16
Let z(p) = p**3 - 6*p**2 + p - 4. Let n be z(6). Suppose -8*l + n*l + 234 = 0. Calculate the greatest common divisor of l and 13.
13
Let f be (-5 + 3)/((-2)/4). What is the greatest common factor of 44 and f?
4
Let z be -8*(14/(-4) - -3). Suppose 952 = z*d + 4*b, 7*b + 448 = 2*d + 2*b. What is the highest common divisor of 26 and d?
26
Suppose -4*j + l + 56 = -3, 95 = 5*j + 3*l. Suppose -3*z - 2*z = 70. Let y = 10 - z. What is the greatest common divisor of y and j?
8
Let c = -4 - -6. Suppose 4*w - 5*w = -c. What is the highest common factor of 5 and w?
1
Suppose v + 4 = 2*v. Suppose 0 = -3*k + 5*w + 12, -5*k + v*w = -6*k + 4. Calculate the highest common divisor of k and 18.
2
Suppose -2*y = 4, -a + 4*y = -27 - 89. Let o be (-1)/(-8)*-74*-32. Suppose o*x - 293*x - 81 = 0. Calculate the greatest common divisor of a and x.
27
Suppose 4*v = 5*r - 1566, 4*r - 2*v - 173 = 1075. What is the highest common divisor of r and 10?
10
Suppose 7 = 2*s + m, -s - 5*m = -6*s - 5. Suppose 2*z = -s*z + 4. Let t be 1*14/2*z. What is the highest common factor of t and 49?
7
Suppose 0 = v + z - 44, 0*v - 4*v + z + 156 = 0. Suppose 8*r = 4*r + v. Let y be (2 + r/(-4))*-154. What is the greatest common factor of 7 and y?
7
Suppose -35 + 119 = 21*l. Calculate the highest common divisor of 29 and l.
1
Let z(j) be the second derivative of -j**3/2 + 3*j**2 + 9*j. Let r be z(-4). Calculate the highest common factor of r and 3.
3
Let z be 0 + (1 - 1 - 0). Suppose 3*w + z*w = 48. Calculate the highest common factor of 128 and w.
16
Let n be ((30/5)/(-3))/((-3)/42). What is the highest common factor of 182 and n?
14
Let j(y) = 7*y**2 - 8*y + 11. Let q(w) = -5*w - 7. Let r be q(-2). Let m be j(r). What is the highest common divisor of 10 and m?
10
Let d(t) = 11*t**2 - 4*t - 1. Let v be d(-3). Let c = -49 + 56. Suppose -2*h - 220 = -c*h. What is the greatest common divisor of v and h?
22
Let h(g) = -11*g**3 - g**2 - 14*g - 14. Let a be h(-1). Calculate the greatest common divisor of 160 and a.
10
Let q be -12*(5 + -14) + 4. Calculate the greatest common divisor of q and 21.
7
Let a be (-7 - 348)/5*-1. Calculate the highest common divisor of 71 and a.
71
Let t = 789 + -591. Calculate the greatest common factor of t and 144.
18
Suppose 45 + 10 = c. Let n = 26 + -18. Suppose -44 = 6*h - n*h. What is the highest common divisor of c and h?
11
Let x(g) = -2*g - 46. Let m be x(-23). Suppose 0 = -m*d - 4*d + 24. What is the highest common divisor of d and 15?
3
Suppose 5*p + 3*g - g = -546, -2*p = -3*g + 226. Let a = p - -117. Calculate the highest common factor of 1 and a.
1
Suppose 4*s - 18 = -2, 548 = 4*h + 2*s. Calculate the greatest common factor of 54 and h.
27
Let x = 456 - 164. Suppose 2*i = -3*i + 2*b + x, 12 = 3*b. Calculate the greatest common factor of 12 and i.
12
Suppose 16*v - 15 - 49 = 0. Let u be 2 - (-5)/(5/126). Suppose v*i - 52 = u. Calculate the highest common divisor of i and 18.
9
Let a = 12 + -25. Let z(x) = -x**2 - 12*x + 18. Let n be z(a). Suppose n*q = 3*q + 44. What is the highest common divisor of 33 and q?
11
Let z(t) = 107*t - 209. Let m be z(3). Calculate the greatest common divisor of m and 32.
16
Suppose -5*p - 6 = -226. Let b = p + -2. What is the greatest common divisor of 24 and b?
6
Let h = -28 - -34. Let k be (30 - h)/(0/2 + 1). Let z be (-98)/(-4) - 2/4. Calculate the greatest common divisor of k and z.
24
Suppose -16*l = -457 + 217. What is the highest common divisor of 480 and l?
15
Let a(k) = -10*k + 467. Let z be a(44). What is the greatest common divisor of 1107 and z?
27
Let n = 648 - 588. Suppose -4*g + 5*f = -5, 4*f + 1 = -3. Suppose 5*d = 3*o - 11, g = -0*o - o + 3*d - 3. Calculate the highest common divisor of n and o.
12
Let u = -309 + 518. Calculate the greatest common factor of u and 11.
11
Suppose -h + 81 = -64. Calculate the highest common divisor of h and 5.
5
Let u be 2/6 - (-14)/3. Suppose u*z - 30 = 10. Suppose l - 144 = -l. What is the highest common factor of z and l?
8
Suppose -4*u + 6*u + 3*u = 0. Suppose -t + 0*p - 4*p + 26 = u, 4*t - 156 = -3*p. What is the greatest common divisor of 70 and t?
14
Suppose 9*a - 151 - 65 = 0. Calculate the greatest common divisor of a and 108.
12
Let s be (-8)/4*1 + -12. Let u be s/(-105) + (-146)/(-30). Suppose -3*f + 71 = -64. Calculate the greatest common factor of u and f.
5
Let z(c) = -4*c - 16. Let g be z(-7). Calculate the greatest common factor of 516 and g.
12
Let q be (1166/110 - 11)/((-2)/3180). What is the highest common factor of q and 36?
12
Let w be 56/10*(2 - (5 + 2)). Let f = -2 - w. Calculate the greatest common factor of f and 26.
26
Let o = -36 + 76. Let r be ((-14)/35)/(3/(-465)). Suppose 3*s - 4*u - 28 = s, 4*s = 2*u + r. What is the highest common divisor of s and o?
8
Let i(x) = x**3 - 4*x + 68. Let v be i(0). Calculate the greatest common factor of 16 and v.
4
Suppose 8343 = 283*r - 256*r. What is the highest common factor of r and 515?
103
Let a = -63 + 102. Calculate the highest common divisor of a and 221.
13
Let q be 304/7 - (-100)/175. What is the greatest common factor of 77 and q?
11
Let u = 136 - 262. Let q = -108 - u. Let h(d) = -d**2 + 8*d. Let v be h(6). What is the highest common factor of v and q?
6
Let u(l) = 2*l - 5 - 6*l - 3*l**2 + l**3 + 3*l. Let t be u(4). Let n be (95/(-20) - (-2 - 1))/(5/(-140)). What is the greatest common divisor of n and t?
7
Suppose -r = -3*r - 2*g + 56, -r + 4*g + 13 = 0. What is the highest common divisor of 175 and r?
25
Let i = 337 + -333. Calculate the greatest common divisor of i and 38.
2
Suppose 5*n - 109 = -2*h + 5*h, -5*n + 85 = 5*h. What is the highest common factor of 20 and n?
20
Let d be (-6)/(-12) - 1/2. Let w be (-2)/8 - 17/(-4). Suppose d = z - w*z + 51. What is the highest common factor of z and 51?
17
Let t = 53 + -8. Let b = -31 + t. Calculate the greatest common divisor of b and 7.
7
Let s(r) be the second derivative of -5*r**3/6 + 3*r**2/2 - 2*r. Let u = -10 + 4. Let n be s(u). What is the greatest common divisor of n and 3?
3
Suppose 10*s - 47 = 193. What is the greatest common factor of 30 and s?
6
Suppose -3*r = -8*r + 20. Let y(x) = -x**3 + 5*x**2 - 8. Let h be y(r). Calculate the highest common factor of 20 and h.
4
Let p(c) = 2*c - 4. Let z be p(2). Suppose z*o = 8*o - 56. Calculate the highest common factor of 21 and o.
7
Let d(h) = h + 2. Let o be d(1). Let c(j) = j**2 - j. Let t be c(o). Calculate the highest common factor of 15 and t.
3
Suppose 0 = -b + 6*b, 0 = -5*d + b + 35. Suppose -31 + d = -s. Let g = 342 + -174. What is the greatest common factor of g and s?
24
Suppose 0 = 4*y + 8, 0 = -5*m + 3*y + y + 18. Suppose -v = 3*q - 12, m*q + q - 9 = -2*v. Calculate the highest common factor of 55 and q.
5
Let i be 16/(-6)*567/(-42). What is the highest common factor of 36 and i?
36
Suppose -15 = p - 10, 5*r + 4*p = 185. What is the highest common divisor of r and 1?
1
Suppose -4*k - 32 = -2*c, 4*c - 75 = -k - 2*k. Let n be (1 + 13)*14 + 2. Calculate the greatest common divisor of n and c.
18
Let g be 29 + -14 - 1*-1. What is the greatest common divisor of g and 32?
16
Suppose -30*n + 46*n = 288. What is the highest common divisor of n and 54?
18
Let i(q) = q**3 + 2*q**2 - 41*q - 6. Let f be i(-7). Calculate the highest common divisor of 522 and f.
18
Let o be (22/(-5))/(1/(-5)). Let h = -295 + 297. Suppose -h*g - z + 3*z = -o, -3*z = 2*g - 17. What is the highest common divisor of g and 15?
5
Let h = 248 - 23. What is the greatest common factor of h and 18?
9
Suppose 5*z - 415 = -2*r - r, 5*z - 405 = -5*r. Let h be (-3)/(-9) - z/(-3). Let c = h + -13. What is the greatest common divisor of c and 128?
16
Let l be 3*4/(-12)*(-58)/2. What is the greatest common factor of 667 and l?
29
Suppose 5*n + 34 = 104. Let k(o) = 1. Let u(i) = -26*i - 42. Let x(m) = -2*k(m) + u(m). Let y be x(-6). Calculate the highest common factor of n and y.
14
Let s(c) be the third derivative of c**6/40 - c**5/12 + c**4/24 + 3*c**3/